 (base 3) to base 8
2046
What is 2482 (base 16) in base 9?
13734
Convert -320 (base 12) to base 11.
-385
1b4 (base 12) to base 5
2110
Convert 2002011 (base 3) to base 11.
1159
What is -2dc (base 16) in base 10?
-732
What is -1454 (base 8) in base 7?
-2240
Convert 110111002 (base 3) to base 16.
238d
Convert -1638 (base 11) to base 15.
-94d
-74aa (base 14) to base 3
-1000122000
Convert -1110101011011 (base 2) to base 9.
-11270
Convert -1775 (base 14) to base 10.
-4219
What is 10111001000001 (base 2) in base 11?
8995
What is -7570 (base 11) in base 10?
-9999
What is -22013 (base 5) in base 2?
-10111100100
What is -318 (base 12) in base 7?
-1214
Convert 125 (base 6) to base 10.
53
What is -2010012 (base 3) in base 14?
-7c4
-1743 (base 9) to base 16
-537
What is -b19 (base 15) in base 2?
-100111000011
Convert 11 (base 15) to base 12.
14
What is 14103 (base 5) in base 15?
51d
What is -4300 (base 5) in base 3?
-210022
22 (base 9) to base 16
14
What is b735 (base 15) in base 14?
1019c
1102225 (base 6) to base 5
3224303
18616 (base 10) to base 5
1043431
Convert -3a7 (base 16) to base 10.
-935
Convert -2224200 (base 5) to base 2.
-1001100110000100
What is -121244 (base 5) in base 11?
-3489
Convert 22162 (base 10) to base 11.
15718
Convert -66 (base 13) to base 4.
-1110
Convert -a8 (base 11) to base 10.
-118
Convert 386 (base 11) to base 4.
13021
What is -1d7 (base 14) in base 3?
-112021
What is ca7 (base 13) in base 3?
2222012
What is -1010221 (base 3) in base 4?
-31003
Convert 700 (base 12) to base 4.
33300
202 (base 12) to base 5
2130
-6604 (base 7) to base 13
-10c3
What is -3169 (base 15) in base 8?
-24321
What is -1721 (base 16) in base 5?
-142141
-1aa5 (base 16) to base 7
-25613
What is -60186 (base 9) in base 2?
-1001101001100101
Convert b21 (base 12) to base 13.
96a
What is 422 (base 12) in base 4?
21122
Convert -a3 (base 14) to base 13.
-b0
What is -8671 (base 12) in base 3?
-202021011
-10100101011011 (base 2) to base 8
-24533
What is 3313021 (base 4) in base 14?
5a9b
1211002011 (base 3) to base 12
18857
What is -1381 (base 13) in base 14?
-1049
What is -2a9 (base 11) in base 14?
-1bb
5c9 (base 14) to base 8
2205
What is 11142 (base 12) in base 13?
a40c
Convert -675 (base 15) to base 7.
-4154
Convert 1522 (base 12) to base 7.
10133
What is -70b (base 12) in base 7?
-2654
What is 11542 (base 6) in base 10?
1718
-23144 (base 11) to base 13
-122b8
What is 4662 (base 10) in base 3?
20101200
28151 (base 11) to base 8
116253
Convert 1054 (base 12) to base 4.
130000
1929a (base 13) to base 12
242a7
Convert -297 (base 12) to base 10.
-403
What is -10002 (base 4) in base 7?
-516
743 (base 10) to base 8
1347
Convert -1023 (base 4) to base 8.
-113
-626 (base 11) to base 15
-354
Convert 6a7 (base 11) to base 10.
843
Convert 18c0 (base 16) to base 3.
22200200
-1011000010 (base 2) to base 8
-1302
Convert -774e (base 16) to base 10.
-30542
Convert -4226 (base 7) to base 16.
-5d2
Convert 13024 (base 6) to base 14.
a00
Convert -3c0d (base 14) to base 16.
-2965
What is 20100 (base 6) in base 7?
10443
-312 (base 14) to base 12
-424
Convert -20839 (base 12) to base 16.
-a6ad
What is a96 (base 14) in base 6?
13404
-218 (base 15) to base 6
-2105
-7a54 (base 11) to base 7
-42602
What is -23340 (base 5) in base 10?
-1720
Convert 1632 (base 9) to base 14.
64c
What is -3125 (base 13) in base 12?
-3b1b
What is -47f (base 16) in base 11?
-957
What is 31320 (base 4) in base 6?
4040
What is -1041 (base 10) in base 4?
-100101
110010100011000 (base 2) to base 10
25880
25042 (base 8) to base 13
4ba9
What is -541433 (base 6) in base 10?
-44445
-110111000 (base 2) to base 14
-236
What is 2211 (base 3) in base 2?
1001100
Convert 3a3 (base 14) to base 8.
1333
-a575 (base 12) to base 4
-10122221
What is 10110100100110 (base 2) in base 11?
8758
Convert -1130032 (base 5) to base 2.
-101000010100010
What is f4 (base 16) in base 8?
364
What is 10074 (base 13) in base 14?
a62c
Convert -14187 (base 9) to base 8.
-22645
What is -1221212 (base 3) in base 13?
-85a
What is 243 (base 13) in base 12?
289
Convert 1cfb (base 16) to base 12.
4363
What is 997 (base 12) in base 11?
1073
318 (base 10) to base 11
26a
-18b (base 14) to base 16
-13f
What is -11000101100001 (base 2) in base 10?
-12641
What is -11001100 (base 2) in base 4?
-3030
What is 541 (base 6) in base 14?
109
122121212 (base 3) to base 8
31060
Convert 100001100100 (base 2) to base 3.
2221120
Convert 68b (base 13) to base 9.
1484
-a43 (base 13) to base 14
-8c9
Convert -37013 (base 9) to base 11.
-176a4
-101210010 (base 3) to base 10
-7860
What is 9832 (base 10) in base 15?
2da7
What is 186a7 (base 12) in base 6?
432331
What is 3206 (base 8) in base 15?
765
-12110 (base 5) to base 2
-1110001001
Convert 13c6 (base 14) to base 11.
26a8
What is 11322 (base 5) in base 3?
1011000
What is -472 (base 12) in base 8?
-1226
Convert 2b3 (base 15) to base 5.
4433
What is -241d (base 15) in base 6?
-55314
Convert -16d9 (base 14) to base 10.
-4111
-540 (base 13) to base 15
-3ec
Convert -101010001010 (base 2) to base 8.
-5212
101212 (base 5) to base 7
12433
-15886 (base 9) to base 2
-10101010110100
Convert -14344 (base 5) to base 3.
-1200100
-528a (base 12) to base 8
-21512
What is 111 (base 7) in base 3?
2010
-133 (base 4) to base 14
-23
-329 (base 14) to base 6
-2521
What is 4b (base 15) in base 14?
51
Convert 111000011100 (base 2) to base 4.
320130
-881 (base 11) to base 10
-1057
What is 3101132 (base 4) in base 6?
142022
Convert 34632 (base 8) to base 2.
11100110011010
Convert -54e (base 16) to base 11.
-1025
What is 101110110000 (base 2) in base 13?
1492
What is 7539 (base 10) in base 13?
357c
Convert 127 (base 10) to base 12.
a7
Convert 4953 (base 10) to base 15.
1703
Convert -1585 (base 10) to base 4.
-120301
What is -87 (base 12) in base 4?
-1213
What is 12481 (base 11) in base 10?
17876
Convert 1010011110110010 (base 2) to base 9.
64800
Convert -32314 (base 5) to base 13.
-100c
Convert -4365 (base 13) to base 6.
-111230
-108 (base 13) to base 16
-b1
Convert -234a (base 13) to base 5.
-124323
What is -921 (base 11) in base 5?
-13422
What is -20101200 (base 3) in base 14?
-19b0
What is -57dd (base 14) in base 16?
-3bb7
Convert 3 (base 5) to base 8.
3
What is 100211 (base 3) in base 2?
100001001
353 (base 12) to base 11
410
What is aa4 (base 13) in base 7?
5214
44b6 (base 13) to base 6
112301
Convert -8a (base 13) to base 12.
-96
-221200111 (base 3) to base 7
-105406
What is -1a1 (base 11) in base 6?
-1024
What is 9e (base 15) in base 16?
95
What is 1ee8 (base 16) in base 12?
46b4
Convert -1202 (base 6) to base 9.
-352
What is -1120101111 (base 3) in base 11?
-21242
What is 22765 (base 9) in base 13?
6bc9
What is 2133 (base 6) in base 5?
3424
What is -1a9 (base 12) in base 3?
-101010
572 (base 8) to base 7
1050
Convert -10554 (base 8) to base 2.
-1000101101100
3596 (base 14) to base 16
2480
-941 (base 13) to base 12
-ab2
What is 1010 (base 8) in base 3?
201021
Convert 461 (base 16) to base 6.
5105
What is -4355 (base 14) in base 8?
-26567
Convert 245c (base 13) to base 5.
131042
1200210202 (base 3) to base 13
12278
What is 368 (base 13) in base 9?
728
What is -2596 (base 14) in base 3?
-100001110
Convert 10101101 (base 3) to base 16.
9a3
What is -36955 (base 10) in base 15?
-ae3a
Convert -488 (base 9) to base 3.
-112222
-1100000001011 (base 2) to base 3
-22102222
What is -10002012 (base 3) in base 6?
-14222
What is 1210200221 (base 3) in base 14?
cd1d
Convert -2001122 (base 3) to base 14.
-794
22819 (base 10) to base 11
16165
What is -27a (base 16) in base 9?
-774
Convert 21011 (base 3) to base 14.
db
-99b2 (base 13) to base 12
-104a7
What is -1100100000 (base 2) in base 7?
-2222
Convert 13887 (base 11) to base 4.
10303301
Convert 1ec (base 16) to base 13.
2bb
-21b (base 12) to base 3
-102112
Convert 473 (base 9) to base 3.
112110
4631 (base 7) to base 16
698
Convert 12551 (base 7) to base 10.
3368
100001100001 (base 2) to base 5
32040
Convert 1df (base 16) to base 3.
122202
2a669 (base 11) to base 14
11b57
Convert 620a (base 16) to base 8.
61012
Convert 100123201 (base 4) to base 3.
10102022111
What is -8a (base 16) in base 6?
-350
-367 (base 11) to base 10
-436
What is -298 (base 15) in base 12?
-415
14231 (base 5) to base 2
10010100111